{"id":203,"date":"2022-11-16T09:44:52","date_gmt":"2022-11-16T12:44:52","guid":{"rendered":"http:\/\/acto.artes.udelar.edu.uy\/?page_id=203"},"modified":"2026-04-02T16:09:38","modified_gmt":"2026-04-02T19:09:38","slug":"cultura-comun-en-accion","status":"publish","type":"page","link":"https:\/\/acto.artes.udelar.edu.uy\/index.php\/cultura-comun-en-accion\/","title":{"rendered":"Cultura Com\u00fan en Acci\u00f3n"},"content":{"rendered":"\t\t<div data-elementor-type=\"wp-page\" data-elementor-id=\"203\" class=\"elementor elementor-203\">\n\t\t\t\t\t\t<section class=\"elementor-section elementor-top-section elementor-element elementor-element-72fc88b elementor-section-boxed elementor-section-height-default elementor-section-height-default\" data-id=\"72fc88b\" data-element_type=\"section\">\n\t\t\t\t\t\t<div class=\"elementor-container elementor-column-gap-default\">\n\t\t\t\t\t<div class=\"elementor-column elementor-col-100 elementor-top-column elementor-element elementor-element-1221d61\" data-id=\"1221d61\" data-element_type=\"column\">\n\t\t\t<div class=\"elementor-widget-wrap elementor-element-populated\">\n\t\t\t\t\t\t<div class=\"elementor-element elementor-element-a876909 elementor-drop-cap-yes elementor-drop-cap-view-default elementor-widget elementor-widget-text-editor\" data-id=\"a876909\" data-element_type=\"widget\" data-settings=\"{&quot;drop_cap&quot;:&quot;yes&quot;}\" data-widget_type=\"text-editor.default\">\n\t\t\t\t<div class=\"elementor-widget-container\">\n\t\t\t\t\t\t\t\t\t<h3><span style=\"color: #a03603;\">Cultura Com\u00fan en Acci\u00f3n<\/span><\/h3>\t\t\t\t\t\t\t\t<\/div>\n\t\t\t\t<\/div>\n\t\t\t\t\t<\/div>\n\t\t<\/div>\n\t\t\t\t\t<\/div>\n\t\t<\/section>\n\t\t\t\t<section class=\"elementor-section elementor-top-section elementor-element elementor-element-84336dd elementor-section-boxed elementor-section-height-default elementor-section-height-default\" data-id=\"84336dd\" data-element_type=\"section\">\n\t\t\t\t\t\t<div class=\"elementor-container elementor-column-gap-default\">\n\t\t\t\t\t<div class=\"elementor-column elementor-col-100 elementor-top-column elementor-element elementor-element-35129e7\" data-id=\"35129e7\" data-element_type=\"column\">\n\t\t\t<div class=\"elementor-widget-wrap elementor-element-populated\">\n\t\t\t\t\t\t<div class=\"elementor-element elementor-element-da51e6a elementor-drop-cap-yes elementor-drop-cap-view-default elementor-widget elementor-widget-text-editor\" data-id=\"da51e6a\" data-element_type=\"widget\" data-settings=\"{&quot;drop_cap&quot;:&quot;yes&quot;}\" data-widget_type=\"text-editor.default\">\n\t\t\t\t<div class=\"elementor-widget-container\">\n\t\t\t\t\t\t\t\t\t<p><span style=\"color: #000000;\"><img fetchpriority=\"high\" decoding=\"async\" class=\"size-medium wp-image-755 alignleft\" src=\"https:\/\/acto.artes.udelar.edu.uy\/wp-content\/uploads\/2026\/03\/encuentro2-02-270x300.png\" alt=\"\" width=\"270\" height=\"300\" srcset=\"https:\/\/acto.artes.udelar.edu.uy\/wp-content\/uploads\/2026\/03\/encuentro2-02-270x300.png 270w, https:\/\/acto.artes.udelar.edu.uy\/wp-content\/uploads\/2026\/03\/encuentro2-02-923x1024.png 923w, https:\/\/acto.artes.udelar.edu.uy\/wp-content\/uploads\/2026\/03\/encuentro2-02-768x852.png 768w, https:\/\/acto.artes.udelar.edu.uy\/wp-content\/uploads\/2026\/03\/encuentro2-02.png 1240w\" sizes=\"(max-width: 270px) 100vw, 270px\" \/>Este proyecto propone la formaci\u00f3n de un grupo interdisciplinario enfocado al estudio de culturas comunitarias en contextos territoriales. La dimensi\u00f3n cultural es una v\u00eda transversal y privilegiada para la comprensi\u00f3n y el fortalecimiento de procesos socioterritoriales. Los estudios sobre cultura requieren de marcos integrales que logren reunir y articular conocimientos dispersos en diferentes disciplinas acad\u00e9micas, en procesos de pol\u00edticas culturales y en las experiencias de colectivos comunitarios organizados de forma aut\u00f3noma. En la Udelar se constata una incipiente articulaci\u00f3n de los estudios sobre cultura, en la cual detectamos un \u00e1rea de vacancia en la investigaci\u00f3n sobre procesos de cultura comunitaria y de escala local. Las culturas comunitarias empiezan a ser reconocidas de manera reciente y parcial, tanto a nivel de pol\u00edticas p\u00fablicas nacionales e internacionales (con la instalaci\u00f3n de programas como Puntos de Cultura), como en la sociedad civil, con importantes avances y articulaciones en Latinoam\u00e9rica en torno al movimiento Culturas Vivas Comunitarias (CVC). Proponemos la creaci\u00f3n de un Semillero que combine actividades de ense\u00f1anza, extensi\u00f3n e investigaci\u00f3n incluyendo aproximaciones desde las ciencias ambientales, arquitectura y urbanismo participativo, geograf\u00eda, m\u00fasica y arte popular y participativo, gesti\u00f3n cultural, sociolog\u00eda de la cultura y psicolog\u00eda social. Las actividades de este equipo interdisciplinario se organizan en dos l\u00edneas.<\/span><br \/><span style=\"color: #000000;\">Por un lado nos proponemos la construcci\u00f3n de nuestro objeto de estudio, definiendo un marco conceptual y metodol\u00f3gico interdisciplinario adecuado a la realidad que nos proponemos estudiar. Por otro lado nos proponemos relevar el campo; sistematizar y caracterizar al menos dos experiencias de cultura comunitaria en Montevideo; y aportar a su fortalecimiento mediante acciones en colaboraci\u00f3n con instituciones p\u00fablicas y organizaciones de la sociedad civil. Esta propuesta busca adem\u00e1s profundizar los v\u00ednculos con experiencias territoriales en las que tenemos un recorrido acumulado desde nuestras \u00e1reas y perfiles profesionales y brindar oportunidades de formaci\u00f3n dentro de la Udelar y en los territorios de inserci\u00f3n del proyecto.<\/span><\/p>\t\t\t\t\t\t\t\t<\/div>\n\t\t\t\t<\/div>\n\t\t\t\t\t<\/div>\n\t\t<\/div>\n\t\t\t\t\t<\/div>\n\t\t<\/section>\n\t\t\t\t<section class=\"elementor-section elementor-top-section elementor-element elementor-element-369c7c4 elementor-section-boxed elementor-section-height-default elementor-section-height-default\" data-id=\"369c7c4\" data-element_type=\"section\">\n\t\t\t\t\t\t<div class=\"elementor-container elementor-column-gap-default\">\n\t\t\t\t\t<div class=\"elementor-column elementor-col-100 elementor-top-column elementor-element elementor-element-97b0865\" data-id=\"97b0865\" data-element_type=\"column\">\n\t\t\t<div class=\"elementor-widget-wrap elementor-element-populated\">\n\t\t\t\t\t\t<div class=\"elementor-element elementor-element-bb6eaf2 elementor-widget elementor-widget-heading\" data-id=\"bb6eaf2\" data-element_type=\"widget\" data-widget_type=\"heading.default\">\n\t\t\t\t<div class=\"elementor-widget-container\">\n\t\t\t\t\t<h6 class=\"elementor-heading-title elementor-size-default\">Entr\u00e1 a la l\u00ednea de tiempo y recorr\u00e9 los hitos clave<\/h6>\t\t\t\t<\/div>\n\t\t\t\t<\/div>\n\t\t\t\t<div class=\"elementor-element elementor-element-56f0cd4 elementor-widget elementor-widget-image\" data-id=\"56f0cd4\" data-element_type=\"widget\" data-widget_type=\"image.default\">\n\t\t\t\t<div class=\"elementor-widget-container\">\n\t\t\t\t\t\t\t\t\t\t\t\t\t\t\t\t<a href=\"https:\/\/padlet.com\/artecomunidadterritorio\/cultura-com-n-en-acci-n-kf91izguuvk4rkzl\">\n\t\t\t\t\t\t\t<img decoding=\"async\" width=\"1024\" height=\"319\" src=\"https:\/\/acto.artes.udelar.edu.uy\/wp-content\/uploads\/2026\/03\/Captura-de-pantalla-2026-03-12-a-las-5.58.40-p.-m-1024x319.png\" class=\"attachment-large size-large wp-image-751\" alt=\"\" srcset=\"https:\/\/acto.artes.udelar.edu.uy\/wp-content\/uploads\/2026\/03\/Captura-de-pantalla-2026-03-12-a-las-5.58.40-p.-m-1024x319.png 1024w, https:\/\/acto.artes.udelar.edu.uy\/wp-content\/uploads\/2026\/03\/Captura-de-pantalla-2026-03-12-a-las-5.58.40-p.-m-300x94.png 300w, https:\/\/acto.artes.udelar.edu.uy\/wp-content\/uploads\/2026\/03\/Captura-de-pantalla-2026-03-12-a-las-5.58.40-p.-m-768x239.png 768w, https:\/\/acto.artes.udelar.edu.uy\/wp-content\/uploads\/2026\/03\/Captura-de-pantalla-2026-03-12-a-las-5.58.40-p.-m-1536x479.png 1536w, https:\/\/acto.artes.udelar.edu.uy\/wp-content\/uploads\/2026\/03\/Captura-de-pantalla-2026-03-12-a-las-5.58.40-p.-m-2048x638.png 2048w\" sizes=\"(max-width: 1024px) 100vw, 1024px\" \/>\t\t\t\t\t\t\t\t<\/a>\n\t\t\t\t\t\t\t\t\t\t\t\t\t\t\t<\/div>\n\t\t\t\t<\/div>\n\t\t\t\t\t<\/div>\n\t\t<\/div>\n\t\t\t\t\t<\/div>\n\t\t<\/section>\n\t\t\t\t<\/div>\n\t\t","protected":false},"excerpt":{"rendered":"<p>Cultura Com\u00fan en Acci\u00f3n Este proyecto propone la formaci\u00f3n de un grupo interdisciplinario enfocado al estudio de culturas comunitarias en contextos territoriales. La dimensi\u00f3n cultural es una v\u00eda transversal y privilegiada para la comprensi\u00f3n y el fortalecimiento de procesos socioterritoriales. Los estudios sobre cultura requieren de marcos integrales que logren reunir y articular conocimientos dispersos [&hellip;]<\/p>\n","protected":false},"author":1,"featured_media":0,"parent":0,"menu_order":0,"comment_status":"closed","ping_status":"closed","template":"","meta":{"site-sidebar-layout":"no-sidebar","site-content-layout":"page-builder","ast-site-content-layout":"","site-content-style":"default","site-sidebar-style":"default","ast-global-header-display":"","ast-banner-title-visibility":"","ast-main-header-display":"","ast-hfb-above-header-display":"","ast-hfb-below-header-display":"","ast-hfb-mobile-header-display":"","site-post-title":"disabled","ast-breadcrumbs-content":"","ast-featured-img":"disabled","footer-sml-layout":"","theme-transparent-header-meta":"","adv-header-id-meta":"","stick-header-meta":"","header-above-stick-meta":"","header-main-stick-meta":"","header-below-stick-meta":"","astra-migrate-meta-layouts":"default","ast-page-background-enabled":"default","ast-page-background-meta":{"desktop":{"background-color":"var(--ast-global-color-4)","background-image":"","background-repeat":"repeat","background-position":"center center","background-size":"auto","background-attachment":"scroll","background-type":"","background-media":"","overlay-type":"","overlay-color":"","overlay-opacity":"","overlay-gradient":""},"tablet":{"background-color":"","background-image":"","background-repeat":"repeat","background-position":"center center","background-size":"auto","background-attachment":"scroll","background-type":"","background-media":"","overlay-type":"","overlay-color":"","overlay-opacity":"","overlay-gradient":""},"mobile":{"background-color":"","background-image":"","background-repeat":"repeat","background-position":"center center","background-size":"auto","background-attachment":"scroll","background-type":"","background-media":"","overlay-type":"","overlay-color":"","overlay-opacity":"","overlay-gradient":""}},"ast-content-background-meta":{"desktop":{"background-color":"var(--ast-global-color-5)","background-image":"","background-repeat":"repeat","background-position":"center center","background-size":"auto","background-attachment":"scroll","background-type":"","background-media":"","overlay-type":"","overlay-color":"","overlay-opacity":"","overlay-gradient":""},"tablet":{"background-color":"var(--ast-global-color-5)","background-image":"","background-repeat":"repeat","background-position":"center center","background-size":"auto","background-attachment":"scroll","background-type":"","background-media":"","overlay-type":"","overlay-color":"","overlay-opacity":"","overlay-gradient":""},"mobile":{"background-color":"var(--ast-global-color-5)","background-image":"","background-repeat":"repeat","background-position":"center center","background-size":"auto","background-attachment":"scroll","background-type":"","background-media":"","overlay-type":"","overlay-color":"","overlay-opacity":"","overlay-gradient":""}},"footnotes":""},"class_list":["post-203","page","type-page","status-publish","hentry"],"_links":{"self":[{"href":"https:\/\/acto.artes.udelar.edu.uy\/index.php\/wp-json\/wp\/v2\/pages\/203","targetHints":{"allow":["GET"]}}],"collection":[{"href":"https:\/\/acto.artes.udelar.edu.uy\/index.php\/wp-json\/wp\/v2\/pages"}],"about":[{"href":"https:\/\/acto.artes.udelar.edu.uy\/index.php\/wp-json\/wp\/v2\/types\/page"}],"author":[{"embeddable":true,"href":"https:\/\/acto.artes.udelar.edu.uy\/index.php\/wp-json\/wp\/v2\/users\/1"}],"replies":[{"embeddable":true,"href":"https:\/\/acto.artes.udelar.edu.uy\/index.php\/wp-json\/wp\/v2\/comments?post=203"}],"version-history":[{"count":25,"href":"https:\/\/acto.artes.udelar.edu.uy\/index.php\/wp-json\/wp\/v2\/pages\/203\/revisions"}],"predecessor-version":[{"id":806,"href":"https:\/\/acto.artes.udelar.edu.uy\/index.php\/wp-json\/wp\/v2\/pages\/203\/revisions\/806"}],"wp:attachment":[{"href":"https:\/\/acto.artes.udelar.edu.uy\/index.php\/wp-json\/wp\/v2\/media?parent=203"}],"curies":[{"name":"wp","href":"https:\/\/api.w.org\/{rel}","templated":true}]}}

Cultura Común en Acción

<div data-elementor-type="wp-page" data-elementor-id="203" class="elementor elementor-203">
						<section class="elementor-section elementor-top-section elementor-element elementor-element-72fc88b elementor-section-boxed elementor-section-height-default elementor-section-height-default" data-id="72fc88b" data-element_type="section">
						<div class="elementor-container elementor-column-gap-default">
					<div class="elementor-column elementor-col-100 elementor-top-column elementor-element elementor-element-1221d61" data-id="1221d61" data-element_type="column">
			<div class="elementor-widget-wrap elementor-element-populated">
						<div class="elementor-element elementor-element-a876909 elementor-drop-cap-yes elementor-drop-cap-view-default elementor-widget elementor-widget-text-editor" data-id="a876909" data-element_type="widget" data-settings="{&quot;drop_cap&quot;:&quot;yes&quot;}" data-widget_type="text-editor.default">
				<div class="elementor-widget-container">
									<h3><span style="color: #a03603;">Cultura Común en Acción</span></h3>								</div>
				</div>
					</div>
		</div>
					</div>
		</section>
				<section class="elementor-section elementor-top-section elementor-element elementor-element-84336dd elementor-section-boxed elementor-section-height-default elementor-section-height-default" data-id="84336dd" data-element_type="section">
						<div class="elementor-container elementor-column-gap-default">
					<div class="elementor-column elementor-col-100 elementor-top-column elementor-element elementor-element-35129e7" data-id="35129e7" data-element_type="column">
			<div class="elementor-widget-wrap elementor-element-populated">
						<div class="elementor-element elementor-element-da51e6a elementor-drop-cap-yes elementor-drop-cap-view-default elementor-widget elementor-widget-text-editor" data-id="da51e6a" data-element_type="widget" data-settings="{&quot;drop_cap&quot;:&quot;yes&quot;}" data-widget_type="text-editor.default">
				<div class="elementor-widget-container">
									<p><span style="color: #000000;"><img fetchpriority="high" decoding="async" class="size-medium wp-image-755 alignleft" src="https://acto.artes.udelar.edu.uy/wp-content/uploads/2026/03/encuentro2-02-270x300.png" alt="" width="270" height="300" srcset="https://acto.artes.udelar.edu.uy/wp-content/uploads/2026/03/encuentro2-02-270x300.png 270w, https://acto.artes.udelar.edu.uy/wp-content/uploads/2026/03/encuentro2-02-923x1024.png 923w, https://acto.artes.udelar.edu.uy/wp-content/uploads/2026/03/encuentro2-02-768x852.png 768w, https://acto.artes.udelar.edu.uy/wp-content/uploads/2026/03/encuentro2-02.png 1240w" sizes="(max-width: 270px) 100vw, 270px" />Este proyecto propone la formación de un grupo interdisciplinario enfocado al estudio de culturas comunitarias en contextos territoriales. La dimensión cultural es una vía transversal y privilegiada para la comprensión y el fortalecimiento de procesos socioterritoriales. Los estudios sobre cultura requieren de marcos integrales que logren reunir y articular conocimientos dispersos en diferentes disciplinas académicas, en procesos de políticas culturales y en las experiencias de colectivos comunitarios organizados de forma autónoma. En la Udelar se constata una incipiente articulación de los estudios sobre cultura, en la cual detectamos un área de vacancia en la investigación sobre procesos de cultura comunitaria y de escala local. Las culturas comunitarias empiezan a ser reconocidas de manera reciente y parcial, tanto a nivel de políticas públicas nacionales e internacionales (con la instalación de programas como Puntos de Cultura), como en la sociedad civil, con importantes avances y articulaciones en Latinoamérica en torno al movimiento Culturas Vivas Comunitarias (CVC). Proponemos la creación de un Semillero que combine actividades de enseñanza, extensión e investigación incluyendo aproximaciones desde las ciencias ambientales, arquitectura y urbanismo participativo, geografía, música y arte popular y participativo, gestión cultural, sociología de la cultura y psicología social. Las actividades de este equipo interdisciplinario se organizan en dos líneas.</span><br /><span style="color: #000000;">Por un lado nos proponemos la construcción de nuestro objeto de estudio, definiendo un marco conceptual y metodológico interdisciplinario adecuado a la realidad que nos proponemos estudiar. Por otro lado nos proponemos relevar el campo; sistematizar y caracterizar al menos dos experiencias de cultura comunitaria en Montevideo; y aportar a su fortalecimiento mediante acciones en colaboración con instituciones públicas y organizaciones de la sociedad civil. Esta propuesta busca además profundizar los vínculos con experiencias territoriales en las que tenemos un recorrido acumulado desde nuestras áreas y perfiles profesionales y brindar oportunidades de formación dentro de la Udelar y en los territorios de inserción del proyecto.</span></p>								</div>
				</div>
					</div>
		</div>
					</div>
		</section>
				<section class="elementor-section elementor-top-section elementor-element elementor-element-369c7c4 elementor-section-boxed elementor-section-height-default elementor-section-height-default" data-id="369c7c4" data-element_type="section">
						<div class="elementor-container elementor-column-gap-default">
					<div class="elementor-column elementor-col-100 elementor-top-column elementor-element elementor-element-97b0865" data-id="97b0865" data-element_type="column">
			<div class="elementor-widget-wrap elementor-element-populated">
						<div class="elementor-element elementor-element-bb6eaf2 elementor-widget elementor-widget-heading" data-id="bb6eaf2" data-element_type="widget" data-widget_type="heading.default">
				<div class="elementor-widget-container">
					<h6 class="elementor-heading-title elementor-size-default">Entrá a la línea de tiempo y recorré los hitos clave</h6>				</div>
				</div>
				<div class="elementor-element elementor-element-56f0cd4 elementor-widget elementor-widget-image" data-id="56f0cd4" data-element_type="widget" data-widget_type="image.default">
				<div class="elementor-widget-container">
																<a href="https://padlet.com/artecomunidadterritorio/cultura-com-n-en-acci-n-kf91izguuvk4rkzl">
							<img decoding="async" width="1024" height="319" src="https://acto.artes.udelar.edu.uy/wp-content/uploads/2026/03/Captura-de-pantalla-2026-03-12-a-las-5.58.40-p.-m-1024x319.png" class="attachment-large size-large wp-image-751" alt="" srcset="https://acto.artes.udelar.edu.uy/wp-content/uploads/2026/03/Captura-de-pantalla-2026-03-12-a-las-5.58.40-p.-m-1024x319.png 1024w, https://acto.artes.udelar.edu.uy/wp-content/uploads/2026/03/Captura-de-pantalla-2026-03-12-a-las-5.58.40-p.-m-300x94.png 300w, https://acto.artes.udelar.edu.uy/wp-content/uploads/2026/03/Captura-de-pantalla-2026-03-12-a-las-5.58.40-p.-m-768x239.png 768w, https://acto.artes.udelar.edu.uy/wp-content/uploads/2026/03/Captura-de-pantalla-2026-03-12-a-las-5.58.40-p.-m-1536x479.png 1536w, https://acto.artes.udelar.edu.uy/wp-content/uploads/2026/03/Captura-de-pantalla-2026-03-12-a-las-5.58.40-p.-m-2048x638.png 2048w" sizes="(max-width: 1024px) 100vw, 1024px" />								</a>
															</div>
				</div>
					</div>
		</div>
					</div>
		</section>
				</div>

<p>Cultura Común en Acción Este proyecto propone la formación de un grupo interdisciplinario enfocado al estudio de culturas comunitarias en contextos territoriales. La dimensión cultural es una vía transversal y privilegiada para la comprensión y el fortalecimiento de procesos socioterritoriales. Los estudios sobre cultura requieren de marcos integrales que logren reunir y articular conocimientos dispersos [&hellip;]</p>
