{"id":822,"date":"2026-04-07T19:20:49","date_gmt":"2026-04-07T22:20:49","guid":{"rendered":"https:\/\/acto.artes.udelar.edu.uy\/?page_id=822"},"modified":"2026-04-14T19:24:54","modified_gmt":"2026-04-14T22:24:54","slug":"presentaciones","status":"publish","type":"page","link":"https:\/\/acto.artes.udelar.edu.uy\/index.php\/presentaciones\/","title":{"rendered":"Presentaciones"},"content":{"rendered":"\t\t<div data-elementor-type=\"wp-page\" data-elementor-id=\"822\" class=\"elementor elementor-822\">\n\t\t\t\t\t\t<section class=\"elementor-section elementor-top-section elementor-element elementor-element-f1c8e0f elementor-section-boxed elementor-section-height-default elementor-section-height-default\" data-id=\"f1c8e0f\" data-element_type=\"section\">\n\t\t\t\t\t\t<div class=\"elementor-container elementor-column-gap-default\">\n\t\t\t\t\t<div class=\"elementor-column elementor-col-50 elementor-top-column elementor-element elementor-element-05589b0\" data-id=\"05589b0\" data-element_type=\"column\">\n\t\t\t<div class=\"elementor-widget-wrap elementor-element-populated\">\n\t\t\t\t\t\t<div class=\"elementor-element elementor-element-aecfe65 elementor-widget elementor-widget-image\" data-id=\"aecfe65\" data-element_type=\"widget\" data-widget_type=\"image.default\">\n\t\t\t\t<div class=\"elementor-widget-container\">\n\t\t\t\t\t\t\t\t\t\t\t\t\t\t\t<img fetchpriority=\"high\" decoding=\"async\" width=\"724\" height=\"1024\" src=\"https:\/\/acto.artes.udelar.edu.uy\/wp-content\/uploads\/2026\/04\/WhatsApp-Image-2026-04-02-at-11.56.48-2-724x1024.jpeg\" class=\"attachment-large size-large wp-image-789\" alt=\"\" srcset=\"https:\/\/acto.artes.udelar.edu.uy\/wp-content\/uploads\/2026\/04\/WhatsApp-Image-2026-04-02-at-11.56.48-2-724x1024.jpeg 724w, https:\/\/acto.artes.udelar.edu.uy\/wp-content\/uploads\/2026\/04\/WhatsApp-Image-2026-04-02-at-11.56.48-2-212x300.jpeg 212w, https:\/\/acto.artes.udelar.edu.uy\/wp-content\/uploads\/2026\/04\/WhatsApp-Image-2026-04-02-at-11.56.48-2-768x1086.jpeg 768w, https:\/\/acto.artes.udelar.edu.uy\/wp-content\/uploads\/2026\/04\/WhatsApp-Image-2026-04-02-at-11.56.48-2-1086x1536.jpeg 1086w, https:\/\/acto.artes.udelar.edu.uy\/wp-content\/uploads\/2026\/04\/WhatsApp-Image-2026-04-02-at-11.56.48-2.jpeg 1131w\" sizes=\"(max-width: 724px) 100vw, 724px\" \/>\t\t\t\t\t\t\t\t\t\t\t\t\t\t\t<\/div>\n\t\t\t\t<\/div>\n\t\t\t\t\t<\/div>\n\t\t<\/div>\n\t\t\t\t<div class=\"elementor-column elementor-col-50 elementor-top-column elementor-element elementor-element-3d6b1d4\" data-id=\"3d6b1d4\" data-element_type=\"column\">\n\t\t\t<div class=\"elementor-widget-wrap elementor-element-populated\">\n\t\t\t\t\t\t<div class=\"elementor-element elementor-element-bb80d6c elementor-widget elementor-widget-text-editor\" data-id=\"bb80d6c\" data-element_type=\"widget\" data-widget_type=\"text-editor.default\">\n\t\t\t\t<div class=\"elementor-widget-container\">\n\t\t\t\t\t\t\t\t\t<h2>\u00a0<\/h2><h2 class=\"wp-block-heading\"><strong>Invitaci\u00f3n: Presentaci\u00f3n del libro \u00abArterritorio. Est\u00e9tica del relieve\u00bb<\/strong><\/h2><div class=\"wp-block-group\"><p><img decoding=\"async\" class=\"emoji\" role=\"img\" draggable=\"false\" src=\"https:\/\/s.w.org\/images\/core\/emoji\/17.0.2\/svg\/1f5d3.svg\" alt=\"\ud83d\uddd3\ufe0f\" \/>\u00a0Jueves 9 de abril de 2026 a las 19:00 h<br \/><img decoding=\"async\" class=\"emoji\" role=\"img\" draggable=\"false\" src=\"https:\/\/s.w.org\/images\/core\/emoji\/17.0.2\/svg\/1f4cd.svg\" alt=\"\ud83d\udccd\" \/>\u00a0Sal\u00f3n 218, Facultad de Artes, Av. 18 de Julio 1772<br \/><img decoding=\"async\" class=\"emoji\" role=\"img\" draggable=\"false\" src=\"https:\/\/s.w.org\/images\/core\/emoji\/17.0.2\/svg\/1f4da.svg\" alt=\"\ud83d\udcda\" \/>\u00a0Entrada libre sin inscripci\u00f3n previa<\/p><p>El grupo de investigaci\u00f3n ACTO (Arte, comunidades y territorios organizados) \u2013 UDELAR, invita a la presentaci\u00f3n del libro Arterritorio. Est\u00e9tica del relieve, con la presencia de su autor, Marcos Perearnau y de compa\u00f1eros del Aula Territorial de la UNSAM.<\/p><p><strong>ARTERRITORIO<\/strong>. Est\u00e9tica del relieve acompa\u00f1a un giro territorial en el arte contempor\u00e1neo a partir del estudio de proyectos de colectivos art\u00edsticos surjetivos \u2014emergentes del sur global o de \u00e1reas no centrales\u2014 que inscriben sus pr\u00e1cticas en la articulaci\u00f3n entre arte y territorio. Especulativa y cr\u00edtica, la est\u00e9tica del relieve expone c\u00f3mo se componen actualmente en capas los objetos art\u00edsticos en el cruce entre medios y disciplinas, a trav\u00e9s de obras del siglo XX y pr\u00e1cticas territoriales de colectivos art\u00edsticos desde el sur global.<\/p><\/div>\t\t\t\t\t\t\t\t<\/div>\n\t\t\t\t<\/div>\n\t\t\t\t\t<\/div>\n\t\t<\/div>\n\t\t\t\t\t<\/div>\n\t\t<\/section>\n\t\t\t\t<\/div>\n\t\t","protected":false},"excerpt":{"rendered":"<p>\u00a0 Invitaci\u00f3n: Presentaci\u00f3n del libro \u00abArterritorio. Est\u00e9tica del relieve\u00bb \u00a0Jueves 9 de abril de 2026 a las 19:00 h\u00a0Sal\u00f3n 218, Facultad de Artes, Av. 18 de Julio 1772\u00a0Entrada libre sin inscripci\u00f3n previa El grupo de investigaci\u00f3n ACTO (Arte, comunidades y territorios organizados) \u2013 UDELAR, invita a la presentaci\u00f3n del libro Arterritorio. Est\u00e9tica del relieve, con [&hellip;]<\/p>\n","protected":false},"author":1,"featured_media":0,"parent":0,"menu_order":0,"comment_status":"closed","ping_status":"closed","template":"","meta":{"site-sidebar-layout":"no-sidebar","site-content-layout":"page-builder","ast-site-content-layout":"full-width-container","site-content-style":"default","site-sidebar-style":"default","ast-global-header-display":"","ast-banner-title-visibility":"","ast-main-header-display":"","ast-hfb-above-header-display":"","ast-hfb-below-header-display":"","ast-hfb-mobile-header-display":"","site-post-title":"disabled","ast-breadcrumbs-content":"","ast-featured-img":"disabled","footer-sml-layout":"","theme-transparent-header-meta":"","adv-header-id-meta":"","stick-header-meta":"","header-above-stick-meta":"","header-main-stick-meta":"","header-below-stick-meta":"","astra-migrate-meta-layouts":"set","ast-page-background-enabled":"default","ast-page-background-meta":{"desktop":{"background-color":"var(--ast-global-color-4)","background-image":"","background-repeat":"repeat","background-position":"center center","background-size":"auto","background-attachment":"scroll","background-type":"","background-media":"","overlay-type":"","overlay-color":"","overlay-opacity":"","overlay-gradient":""},"tablet":{"background-color":"","background-image":"","background-repeat":"repeat","background-position":"center center","background-size":"auto","background-attachment":"scroll","background-type":"","background-media":"","overlay-type":"","overlay-color":"","overlay-opacity":"","overlay-gradient":""},"mobile":{"background-color":"","background-image":"","background-repeat":"repeat","background-position":"center center","background-size":"auto","background-attachment":"scroll","background-type":"","background-media":"","overlay-type":"","overlay-color":"","overlay-opacity":"","overlay-gradient":""}},"ast-content-background-meta":{"desktop":{"background-color":"var(--ast-global-color-5)","background-image":"","background-repeat":"repeat","background-position":"center center","background-size":"auto","background-attachment":"scroll","background-type":"","background-media":"","overlay-type":"","overlay-color":"","overlay-opacity":"","overlay-gradient":""},"tablet":{"background-color":"var(--ast-global-color-5)","background-image":"","background-repeat":"repeat","background-position":"center center","background-size":"auto","background-attachment":"scroll","background-type":"","background-media":"","overlay-type":"","overlay-color":"","overlay-opacity":"","overlay-gradient":""},"mobile":{"background-color":"var(--ast-global-color-5)","background-image":"","background-repeat":"repeat","background-position":"center center","background-size":"auto","background-attachment":"scroll","background-type":"","background-media":"","overlay-type":"","overlay-color":"","overlay-opacity":"","overlay-gradient":""}},"footnotes":""},"class_list":["post-822","page","type-page","status-publish","hentry"],"_links":{"self":[{"href":"https:\/\/acto.artes.udelar.edu.uy\/index.php\/wp-json\/wp\/v2\/pages\/822","targetHints":{"allow":["GET"]}}],"collection":[{"href":"https:\/\/acto.artes.udelar.edu.uy\/index.php\/wp-json\/wp\/v2\/pages"}],"about":[{"href":"https:\/\/acto.artes.udelar.edu.uy\/index.php\/wp-json\/wp\/v2\/types\/page"}],"author":[{"embeddable":true,"href":"https:\/\/acto.artes.udelar.edu.uy\/index.php\/wp-json\/wp\/v2\/users\/1"}],"replies":[{"embeddable":true,"href":"https:\/\/acto.artes.udelar.edu.uy\/index.php\/wp-json\/wp\/v2\/comments?post=822"}],"version-history":[{"count":7,"href":"https:\/\/acto.artes.udelar.edu.uy\/index.php\/wp-json\/wp\/v2\/pages\/822\/revisions"}],"predecessor-version":[{"id":831,"href":"https:\/\/acto.artes.udelar.edu.uy\/index.php\/wp-json\/wp\/v2\/pages\/822\/revisions\/831"}],"wp:attachment":[{"href":"https:\/\/acto.artes.udelar.edu.uy\/index.php\/wp-json\/wp\/v2\/media?parent=822"}],"curies":[{"name":"wp","href":"https:\/\/api.w.org\/{rel}","templated":true}]}}

<div data-elementor-type="wp-page" data-elementor-id="822" class="elementor elementor-822">
						<section class="elementor-section elementor-top-section elementor-element elementor-element-f1c8e0f elementor-section-boxed elementor-section-height-default elementor-section-height-default" data-id="f1c8e0f" data-element_type="section">
						<div class="elementor-container elementor-column-gap-default">
					<div class="elementor-column elementor-col-50 elementor-top-column elementor-element elementor-element-05589b0" data-id="05589b0" data-element_type="column">
			<div class="elementor-widget-wrap elementor-element-populated">
						<div class="elementor-element elementor-element-aecfe65 elementor-widget elementor-widget-image" data-id="aecfe65" data-element_type="widget" data-widget_type="image.default">
				<div class="elementor-widget-container">
															<img fetchpriority="high" decoding="async" width="724" height="1024" src="https://acto.artes.udelar.edu.uy/wp-content/uploads/2026/04/WhatsApp-Image-2026-04-02-at-11.56.48-2-724x1024.jpeg" class="attachment-large size-large wp-image-789" alt="" srcset="https://acto.artes.udelar.edu.uy/wp-content/uploads/2026/04/WhatsApp-Image-2026-04-02-at-11.56.48-2-724x1024.jpeg 724w, https://acto.artes.udelar.edu.uy/wp-content/uploads/2026/04/WhatsApp-Image-2026-04-02-at-11.56.48-2-212x300.jpeg 212w, https://acto.artes.udelar.edu.uy/wp-content/uploads/2026/04/WhatsApp-Image-2026-04-02-at-11.56.48-2-768x1086.jpeg 768w, https://acto.artes.udelar.edu.uy/wp-content/uploads/2026/04/WhatsApp-Image-2026-04-02-at-11.56.48-2-1086x1536.jpeg 1086w, https://acto.artes.udelar.edu.uy/wp-content/uploads/2026/04/WhatsApp-Image-2026-04-02-at-11.56.48-2.jpeg 1131w" sizes="(max-width: 724px) 100vw, 724px" />															</div>
				</div>
					</div>
		</div>
				<div class="elementor-column elementor-col-50 elementor-top-column elementor-element elementor-element-3d6b1d4" data-id="3d6b1d4" data-element_type="column">
			<div class="elementor-widget-wrap elementor-element-populated">
						<div class="elementor-element elementor-element-bb80d6c elementor-widget elementor-widget-text-editor" data-id="bb80d6c" data-element_type="widget" data-widget_type="text-editor.default">
				<div class="elementor-widget-container">
									<h2> </h2><h2 class="wp-block-heading"><strong>Invitación: Presentación del libro «Arterritorio. Estética del relieve»</strong></h2><div class="wp-block-group"><p><img decoding="async" class="emoji" role="img" draggable="false" src="https://s.w.org/images/core/emoji/17.0.2/svg/1f5d3.svg" alt="🗓️" /> Jueves 9 de abril de 2026 a las 19:00 h<br /><img decoding="async" class="emoji" role="img" draggable="false" src="https://s.w.org/images/core/emoji/17.0.2/svg/1f4cd.svg" alt="📍" /> Salón 218, Facultad de Artes, Av. 18 de Julio 1772<br /><img decoding="async" class="emoji" role="img" draggable="false" src="https://s.w.org/images/core/emoji/17.0.2/svg/1f4da.svg" alt="📚" /> Entrada libre sin inscripción previa</p><p>El grupo de investigación ACTO (Arte, comunidades y territorios organizados) – UDELAR, invita a la presentación del libro Arterritorio. Estética del relieve, con la presencia de su autor, Marcos Perearnau y de compañeros del Aula Territorial de la UNSAM.</p><p><strong>ARTERRITORIO</strong>. Estética del relieve acompaña un giro territorial en el arte contemporáneo a partir del estudio de proyectos de colectivos artísticos surjetivos —emergentes del sur global o de áreas no centrales— que inscriben sus prácticas en la articulación entre arte y territorio. Especulativa y crítica, la estética del relieve expone cómo se componen actualmente en capas los objetos artísticos en el cruce entre medios y disciplinas, a través de obras del siglo XX y prácticas territoriales de colectivos artísticos desde el sur global.</p></div>								</div>
				</div>
					</div>
		</div>
					</div>
		</section>
				</div>

<p>  Invitación: Presentación del libro «Arterritorio. Estética del relieve»  Jueves 9 de abril de 2026 a las 19:00 h Salón 218, Facultad de Artes, Av. 18 de Julio 1772 Entrada libre sin inscripción previa El grupo de investigación ACTO (Arte, comunidades y territorios organizados) – UDELAR, invita a la presentación del libro Arterritorio. Estética del relieve, con [&hellip;]</p>
